{"id":283,"date":"2017-11-05T22:01:08","date_gmt":"2017-11-05T21:01:08","guid":{"rendered":"https:\/\/ffarma.it\/farmacia2pro\/newsletter\/"},"modified":"2017-11-21T16:37:12","modified_gmt":"2017-11-21T15:37:12","slug":"newsletter","status":"publish","type":"page","link":"https:\/\/ffarma.it\/farmacia2\/newsletter\/","title":{"rendered":"Newsletter"},"content":{"rendered":"<h3>Registrazione<\/h3>\r\n<p>Vi invitiamo a registrarvi per utilizzare i ns. servizi online e ricevere la nostra newsletter con informazioni ed offerte a voi riservate.<\/p>\r\n<p><script type=\"text\/javascript\">\r\n\/\/<![CDATA[\r\nif (typeof newsletter_check !== \"function\") {\r\nwindow.newsletter_check = function (f) {\r\n    var re = \/^([a-zA-Z0-9_\\.\\-\\+])+\\@(([a-zA-Z0-9\\-]{1,})+\\.)+([a-zA-Z0-9]{2,})+$\/;\r\n    if (!re.test(f.elements[\"ne\"].value)) {\r\n        alert(\"L\\'indirizzo email non \u00e8 corretto\");\r\n        return false;\r\n    }\r\n    if (f.elements[\"nn\"] && (f.elements[\"nn\"].value == \"\" || f.elements[\"nn\"].value == f.elements[\"nn\"].defaultValue)) {\r\n        alert(\"Il campo nome non \u00e8 corretto\");\r\n        return false;\r\n    }\r\n    if (f.elements[\"ns\"] && (f.elements[\"ns\"].value == \"\" || f.elements[\"ns\"].value == f.elements[\"ns\"].defaultValue)) {\r\n        alert(\"Il campoconome non \u00e8 corretto\");\r\n        return false;\r\n    }\r\n    for (var i=1; i<20; i++) {\r\n    if (f.elements[\"np\" + i] && f.elements[\"np\" + i].required && f.elements[\"np\" + i].value == \"\") {\r\n        alert(\"\");\r\n        return false;\r\n    }\r\n    }\r\n    if (f.elements[\"ny\"] && !f.elements[\"ny\"].checked) {\r\n        alert(\"Devi accettare l\\'informativa\");\r\n        return false;\r\n    }\r\n    return true;\r\n}\r\n}\r\n\/\/]]>\r\n<\/script>\r\n\r\n\r\n<div class=\"tnp tnp-subscription\">\r\n<form method=\"post\" action=\"https:\/\/ffarma.it\/farmacia1\/?na=s\" onsubmit=\"return newsletter_check(this)\">\r\n<div class=\"tnp-field tnp-field-firstname\"><label>Nome<\/label><input class=\"tnp-firstname\" type=\"text\" name=\"nn\" required><\/div>\r\n<div class=\"tnp-field tnp-field-lastname\"><label>Cognome<\/label><input class=\"tnp-lastname\" type=\"text\" name=\"ns\" required><\/div>\r\n<div class=\"tnp-field tnp-field-email\"><label>Email<\/label><input class=\"tnp-email\" type=\"email\" name=\"ne\" required><\/div>\r\n<div class=\"tnp-field tnp-field-privacy\"><label><input type=\"checkbox\" name=\"ny\" required class=\"tnp-privacy\">\u00a0Accetto l'informativa sulla privacy sottoriportata<\/label>\r\n<textarea style=\"width: 404px; height: 97px;\" rows=\"4\">Gentile Cliente, La informiamo che per le finalit\u00e0 connesse alla fornitura delle informazioni richieste, la nostra farmacia esegue il trattamento dei dati da Lei forniti, o comunque acquisiti in sede di esecuzione del Servizio.  Il titolare del trattamento \u00e8 la nostra farmacia nella persona del legale rappresentante pro tempore. L\u2019elenco dei responsabili del trattamento dei dati personali e dei terzi destinatari di comunicazioni \u00e8 disponibile presso la nostra sede. Il trattamento dei dati avviene con procedure idonee a tutelare la riservatezza dell\u2019Utente e consiste nella loro raccolta, registrazione, organizzazione, conservazione, elaborazione, modificazione, selezione, estrazione, raffronto, utilizzo, interconnessione, blocco, comunicazione, diffusione, cancellazione, distruzione degli stessi comprese la combinazione di due o pi\u00f9 delle attivit\u00e0 suddette. Il trattamento dei dati, oltre alle finalit\u00e0 connesse, strumentali e necessarie alla fornitura del Servizio sar\u00e0 finalizzato a  raccogliere dati ed informazioni in via generale e particolare sugli orientamenti e le preferenze dell\u2019Utente; inviare informazioni, offerte commerciali e materiale informativo. Il conferimento del consenso al trattamento dei propri dati personali da parte dell\u2019Utente \u00e8 facoltativo. In caso di rifiuto del trattamento dei dati personali la Farmacia non potr\u00e0 fornire le informazioni. Il trattamento dei dati del Cliente per le finalit\u00e0 sopraindicate avr\u00e0 luogo prevalentemente con modalit\u00e0 automatizzate ed informatizzate, sempre nel rispetto delle regole di riservatezza e di sicurezza previste dalla legge. I dati saranno conservati per i termini di legge presso la nostra farmacia e trattati da parte di dipendenti e\/o professionisti da questa incaricati, i quali svolgono le suddette attivit\u00e0 sotto la sua diretta supervisione e responsabilit\u00e0. A tal fine, i dati comunicati dall\u2019Utente potranno essere trasmessi a soggetti esterni, anche all\u2019estero, che svolgono funzioni strettamente connesse e strumentali all\u2019operativit\u00e0 del servizio. La informiamo, inoltre, che, ai sensi dell\u2019art. 7 del D. Lgs. 30 giugno 2003, n. 196, il Cliente ha il diritto di opporsi, in tutto o in parte, per motivi legittimi, al trattamento e pu\u00f2, secondo le modalit\u00e0 e nei limiti previsti dalla vigente normativa, richiedere la conferma dell\u2019esistenza di dati personali che lo riguardano, e conoscerne l\u2019origine, riceverne comunicazione intelligibile, avere informazioni circa la logica, le modalit\u00e0 e le finalit\u00e0 del trattamento, richiederne l\u2019aggiornamento, la rettifica, l\u2019integrazione, richiedere la cancellazione, la trasformazione in forma anonima, il blocco dei dati trattati in violazione di legge, ivi compresi quelli non pi\u00f9 necessari al perseguimento degli scopi per i quali sono stati raccolti, nonch\u00e9, pi\u00f9 in generale, esercitare tutti i diritti che gli sono riconosciuti dalle vigenti disposizioni di legge.<\/textarea><\/div>\r\n<div class=\"tnp-field tnp-field-button\"><input class=\"tnp-submit\" type=\"submit\" value=\"Iscriviti\">\r\n<\/div>\r\n<\/form>\r\n<\/div><input type=\"hidden\" name=\"nlang\" value=\"\">\n<\/p>\n","protected":false},"excerpt":{"rendered":"","protected":false},"author":1,"featured_media":0,"parent":0,"menu_order":0,"comment_status":"closed","ping_status":"closed","template":"","meta":{"footnotes":""},"class_list":["post-283","page","type-page","status-publish","hentry"],"_links":{"self":[{"href":"https:\/\/ffarma.it\/farmacia2\/wp-json\/wp\/v2\/pages\/283","targetHints":{"allow":["GET"]}}],"collection":[{"href":"https:\/\/ffarma.it\/farmacia2\/wp-json\/wp\/v2\/pages"}],"about":[{"href":"https:\/\/ffarma.it\/farmacia2\/wp-json\/wp\/v2\/types\/page"}],"author":[{"embeddable":true,"href":"https:\/\/ffarma.it\/farmacia2\/wp-json\/wp\/v2\/users\/1"}],"replies":[{"embeddable":true,"href":"https:\/\/ffarma.it\/farmacia2\/wp-json\/wp\/v2\/comments?post=283"}],"version-history":[{"count":2,"href":"https:\/\/ffarma.it\/farmacia2\/wp-json\/wp\/v2\/pages\/283\/revisions"}],"predecessor-version":[{"id":513,"href":"https:\/\/ffarma.it\/farmacia2\/wp-json\/wp\/v2\/pages\/283\/revisions\/513"}],"wp:attachment":[{"href":"https:\/\/ffarma.it\/farmacia2\/wp-json\/wp\/v2\/media?parent=283"}],"curies":[{"name":"wp","href":"https:\/\/api.w.org\/{rel}","templated":true}]}}

<h3>Registrazione</h3>
<p>Vi invitiamo a registrarvi per utilizzare i ns. servizi online e ricevere la nostra newsletter con informazioni ed offerte a voi riservate.</p>
<p><script type="text/javascript">
//<![CDATA[
if (typeof newsletter_check !== "function") {
window.newsletter_check = function (f) {
    var re = /^([a-zA-Z0-9_\.\-\+])+\@(([a-zA-Z0-9\-]{1,})+\.)+([a-zA-Z0-9]{2,})+$/;
    if (!re.test(f.elements["ne"].value)) {
        alert("L\'indirizzo email non è corretto");
        return false;
    }
    if (f.elements["nn"] && (f.elements["nn"].value == "" || f.elements["nn"].value == f.elements["nn"].defaultValue)) {
        alert("Il campo nome non è corretto");
        return false;
    }
    if (f.elements["ns"] && (f.elements["ns"].value == "" || f.elements["ns"].value == f.elements["ns"].defaultValue)) {
        alert("Il campoconome non è corretto");
        return false;
    }
    for (var i=1; i<20; i++) {
    if (f.elements["np" + i] && f.elements["np" + i].required && f.elements["np" + i].value == "") {
        alert("");
        return false;
    }
    }
    if (f.elements["ny"] && !f.elements["ny"].checked) {
        alert("Devi accettare l\'informativa");
        return false;
    }
    return true;
}
}
//]]>
</script>


<div class="tnp tnp-subscription">
<form method="post" action="https://ffarma.it/farmacia1/?na=s" onsubmit="return newsletter_check(this)">
<div class="tnp-field tnp-field-firstname"><label>Nome</label><input class="tnp-firstname" type="text" name="nn" required></div>
<div class="tnp-field tnp-field-lastname"><label>Cognome</label><input class="tnp-lastname" type="text" name="ns" required></div>
<div class="tnp-field tnp-field-email"><label>Email</label><input class="tnp-email" type="email" name="ne" required></div>
<div class="tnp-field tnp-field-privacy"><label><input type="checkbox" name="ny" required class="tnp-privacy"> Accetto l'informativa sulla privacy sottoriportata</label>
<textarea style="width: 404px; height: 97px;" rows="4">Gentile Cliente, La informiamo che per le finalità connesse alla fornitura delle informazioni richieste, la nostra farmacia esegue il trattamento dei dati da Lei forniti, o comunque acquisiti in sede di esecuzione del Servizio.  Il titolare del trattamento è la nostra farmacia nella persona del legale rappresentante pro tempore. L’elenco dei responsabili del trattamento dei dati personali e dei terzi destinatari di comunicazioni è disponibile presso la nostra sede. Il trattamento dei dati avviene con procedure idonee a tutelare la riservatezza dell’Utente e consiste nella loro raccolta, registrazione, organizzazione, conservazione, elaborazione, modificazione, selezione, estrazione, raffronto, utilizzo, interconnessione, blocco, comunicazione, diffusione, cancellazione, distruzione degli stessi comprese la combinazione di due o più delle attività suddette. Il trattamento dei dati, oltre alle finalità connesse, strumentali e necessarie alla fornitura del Servizio sarà finalizzato a  raccogliere dati ed informazioni in via generale e particolare sugli orientamenti e le preferenze dell’Utente; inviare informazioni, offerte commerciali e materiale informativo. Il conferimento del consenso al trattamento dei propri dati personali da parte dell’Utente è facoltativo. In caso di rifiuto del trattamento dei dati personali la Farmacia non potrà fornire le informazioni. Il trattamento dei dati del Cliente per le finalità sopraindicate avrà luogo prevalentemente con modalità automatizzate ed informatizzate, sempre nel rispetto delle regole di riservatezza e di sicurezza previste dalla legge. I dati saranno conservati per i termini di legge presso la nostra farmacia e trattati da parte di dipendenti e/o professionisti da questa incaricati, i quali svolgono le suddette attività sotto la sua diretta supervisione e responsabilità. A tal fine, i dati comunicati dall’Utente potranno essere trasmessi a soggetti esterni, anche all’estero, che svolgono funzioni strettamente connesse e strumentali all’operatività del servizio. La informiamo, inoltre, che, ai sensi dell’art. 7 del D. Lgs. 30 giugno 2003, n. 196, il Cliente ha il diritto di opporsi, in tutto o in parte, per motivi legittimi, al trattamento e può, secondo le modalità e nei limiti previsti dalla vigente normativa, richiedere la conferma dell’esistenza di dati personali che lo riguardano, e conoscerne l’origine, riceverne comunicazione intelligibile, avere informazioni circa la logica, le modalità e le finalità del trattamento, richiederne l’aggiornamento, la rettifica, l’integrazione, richiedere la cancellazione, la trasformazione in forma anonima, il blocco dei dati trattati in violazione di legge, ivi compresi quelli non più necessari al perseguimento degli scopi per i quali sono stati raccolti, nonché, più in generale, esercitare tutti i diritti che gli sono riconosciuti dalle vigenti disposizioni di legge.</textarea></div>
<div class="tnp-field tnp-field-button"><input class="tnp-submit" type="submit" value="Iscriviti">
</div>
</form>
</div><input type="hidden" name="nlang" value="">
</p>
